d 56.
56
Calculate the highest common divisor of 234 and 1248.
78
What is the greatest common divisor of 20 and 8830?
10
What is the greatest common divisor of 4895 and 55?
55
What is the greatest common divisor of 56 and 11368?
56
Calculate the highest common factor of 723 and 3.
3
What is the highest common factor of 138 and 179262?
138
Calculate the highest common divisor of 1470 and 770.
70
What is the highest common divisor of 23 and 3?
1
What is the highest common divisor of 65 and 91?
13
What is the highest common divisor of 495 and 30?
15
Calculate the greatest common divisor of 15702 and 6.
6
Calculate the highest common divisor of 374 and 102.
34
What is the greatest common divisor of 10365 and 120?
15
What is the greatest common divisor of 14 and 1582?
14
What is the greatest common divisor of 377 and 87?
29
What is the greatest common divisor of 1144 and 88?
88
Calculate the highest common divisor of 3872 and 1584.
176
Calculate the greatest common factor of 10 and 3740.
10
Calculate the highest common factor of 558 and 248.
62
Calculate the greatest common factor of 17991 and 9.
9
What is the greatest common divisor of 8 and 38?
2
Calculate the highest common factor of 328 and 205.
41
What is the greatest common divisor of 252 and 168?
84
What is the highest common divisor of 108 and 2?
2
What is the greatest common factor of 107 and 3424?
107
What is the highest common divisor of 1616 and 101?
101
What is the greatest common factor of 693 and 8085?
231
What is the greatest common factor of 5 and 30?
5
Calculate the highest common divisor of 93 and 1891.
31
Calculate the highest common factor of 472 and 5074.
118
Calculate the greatest common divisor of 300 and 78.
6
What is the greatest common factor of 147 and 987?
21
Calculate the highest common factor of 533 and 164.
41
What is the highest common factor of 16000 and 25?
25
What is the highest common divisor of 896 and 14?
14
Calculate the highest common divisor of 39 and 10257.
39
What is the highest common factor of 1664 and 104?
104
Calculate the greatest common divisor of 702 and 450.
18
Calculate the highest common divisor of 72 and 297.
9
What is the greatest common divisor of 15 and 1815?
15
Calculate the highest common divisor of 715 and 13.
13
Calculate the highest common factor of 1374 and 6.
6
What is the highest common divisor of 20 and 110?
10
Calculate the highest common divisor of 36 and 324.
36
Calculate the highest common divisor of 517 and 94.
47
What is the highest common factor of 20 and 1220?
20
Calculate the greatest common factor of 10928 and 24.
8
Calculate the greatest common factor of 19637 and 73.
73
Calculate the greatest common factor of 4014 and 198.
18
What is the highest common divisor of 80 and 5080?
40
What is the highest common divisor of 1269 and 27?
27
What is the greatest common divisor of 217 and 1330?
7
Calculate the highest common factor of 24 and 51.
3
What is the greatest common factor of 1 and 4?
1
Calculate the greatest common divisor of 1022 and 42.
14
Calculate the highest common factor of 210 and 42.
42
Calculate the greatest common divisor of 561 and 132.
33
Calculate the greatest common factor of 115 and 20401.
23
What is the greatest common divisor of 27 and 36?
9
Calculate the greatest common factor of 3993 and 132.
33
What is the greatest common factor of 34 and 119?
17
What is the highest common divisor of 1265 and 1081?
23
Calculate the highest common divisor of 160 and 1888.
32
Calculate the highest common factor of 1417 and 52.
13
Calculate the highest common divisor of 624 and 384.
48
What is the highest common factor of 806 and 52?
26
Calculate the greatest common factor of 224 and 644.
28
What is the highest common factor of 191 and 3629?
191
What is the greatest common factor of 2375 and 775?
25
Calculate the greatest common factor of 76 and 1216.
76
Calculate the greatest common factor of 207 and 46.
23
Calculate the greatest common divisor of 93 and 25203.
93
Calculate the highest common factor of 3760 and 400.
80
What is the greatest common factor of 48 and 2032?
16
Calculate the highest common divisor of 60 and 90.
30
What is the highest common divisor of 9 and 1647?
9
Calculate the greatest common factor of 792 and 11.
11
Calculate the highest common divisor of 149 and 7.
1
Calculate the greatest common divisor of 2450 and 98.
98
Calculate the greatest common factor of 84 and 2667.
21
Calculate the highest common divisor of 36 and 20.
4
Calculate the greatest common factor of 21 and 77.
7
Calculate the greatest common factor of 780 and 6500.
260
What is the highest common divisor of 150 and 120?
30
What is the greatest common factor of 1405 and 5?
5
What is the greatest common factor of 182 and 28?
14
Calculate the greatest common divisor of 646 and 133.
19
Calculate the greatest common divisor of 6 and 1293.
3
Calculate the greatest common divisor of 119 and 14.
7
Calculate the greatest common factor of 120 and 5856.
24
What is the greatest common factor of 180 and 40?
20
Calculate the highest common factor of 2600 and 425.
25
Calculate the greatest common divisor of 60838 and 76.
38
What is the greatest common factor of 130 and 9230?
130
What is the highest common factor of 52 and 286?
26
Calculate the highest common divisor of 100 and 4700.
100
What is the greatest common divisor of 2877 and 42?
21
What is the greatest common divisor of 48 and 1488?
48
Calculate the highest common factor of 8586 and 90.
18
Calculate the greatest common divisor of 696 and 9918.
174
What is the greatest common factor of 237 and 553?
79
Calculate the highest common divisor of 165 and 660.
165
Calculate the greatest common factor of 220 and 33.
11
What is the greatest common factor of 1331 and 363?
121
Calculate the greatest common divisor of 396 and 99.
99
What is the greatest common factor of 9 and 2421?
9
Calculate the greatest common factor of 129 and 83463.
129
Calculate the highest common factor of 280 and 1820.
140
Calculate the greatest common factor of 49 and 644.
7
Calculate the highest common divisor of 1517 and 296.
37
Calculate the highest common divisor of 215 and 774.
43
Calculate the greatest common factor of 100 and 60.
20
What is the greatest common factor of 117 and 533?
13
What is the highest common divisor of 94 and 517?
47
What is the greatest common factor of 1261 and 91?
13
Calculate the highest common divisor of 131 and 29213.
131
Calculate the highest common divisor of 48 and 64.
16
Calculate the highest common divisor of 6 and 66.
6
Calculate the greatest common divisor of 12 and 42.
6
What is the greatest common divisor of 8071 and 42?
7
Calculate the highest common factor of 161 and 43470.
161
Calculate the highest common factor of 36 and 9252.
36
What is the greatest common divisor of 88 and 33?
11
What is the highest common divisor of 20 and 380?
20
What is the greatest common divisor of 144 and 63?
9
Calculate the greatest common factor of 1116 and 504.
36
What is the greatest common divisor of 141 and 1222?
47
Calculate the highest common divisor of 344 and 86.
86
What is the greatest common factor of 32 and 368?
16
What is the greatest common divisor of 12 and 16?
4
What is the highest common divisor of 30 and 2445?
15
Calculate the greatest common divisor of 4 and 8516.
4
What is the highest common divisor of 3073 and 35?
7
Calculate the greatest common factor of 30 and 6.
6
Calculate the greatest common divisor of 376 and 893.
47
Calculate the highest common divisor of 1 and 31.
1
Calculate the greatest common factor of 11 and 44.
11
Calculate the greatest common factor of 616 and 2024.
88
What is the highest common divisor of 481 and 37?
37
Calculate the greatest common factor of 2142 and 77.
7
What is the highest common divisor of 25 and 45?
5
Calculate the greatest common divisor of 155 and 93.
31
Calculate the greatest common divisor of 250 and 650.
50
Calculate the highest common divisor of 24 and 156.
12
What is the highest common factor of 12 and 17322?
6
What is the greatest common factor of 61 and 61?
61
Calculate the greatest common divisor of 816 and 17.
17
Calculate the greatest common factor of 87 and 3.
3
Calculate the greatest common divisor of 368 and 3749.
23
What is the gr